{"id":1683,"date":"2023-05-04T13:21:23","date_gmt":"2023-05-04T19:21:23","guid":{"rendered":"https:\/\/regenerativo.org\/?post_type=equipo&#038;p=1683"},"modified":"2023-07-03T07:47:38","modified_gmt":"2023-07-03T13:47:38","slug":"gaston-kremer","status":"publish","type":"equipo","link":"https:\/\/regenerativo.org\/pt\/equipo\/gaston-kremer\/","title":{"rendered":"Gaston Kremer"},"content":{"rendered":"<p><span style=\"font-weight: 400;\">Gaston \u00e9 Gerente de Programa da WTT, organiza\u00e7\u00e3o que promove processos e tecnologias de inova\u00e7\u00e3o para impacto socioambiental. Al\u00e9m de supervisionar projetos em sistemas alimentares sustent\u00e1veis, a\u00e7\u00e3o clim\u00e1tica e bioeconomia em recortes territoriais, Gaston lidera pesquisas em ci\u00eancia aplicada por meio de colabora\u00e7\u00e3o, concursos de inova\u00e7\u00e3o aberta conjunta, entre outras metodologias.<\/span><\/p>\n<p><span style=\"font-weight: 400;\">A regenera\u00e7\u00e3o \u00e9 o caminho entre a ci\u00eancia, o conhecimento tradicional e a sociedade. \u00c9 uma forma de construir a solu\u00e7\u00e3o para os desafios mais complexos do nosso tempo, como a crise clim\u00e1tica, a desigualdade persistente e a perda da biodiversidade. A regenera\u00e7\u00e3o \u00e9 um apelo \u00e0 inova\u00e7\u00e3o respons\u00e1vel e uma solu\u00e7\u00e3o em si, se constru\u00edda de forma colaborativa.<\/span><\/p>","protected":false},"featured_media":3298,"template":"","categoria-de-equipo":[38],"yoast_head":"<!-- This site is optimized with the Yoast SEO plugin v22.7 - https:\/\/yoast.com\/wordpress\/plugins\/seo\/ -->\n<title>Gaston Kremer - NAR<\/title>\n<meta name=\"robots\" content=\"index, follow, max-snippet:-1, max-image-preview:large, max-video-preview:-1\" \/>\n<link rel=\"canonical\" href=\"https:\/\/regenerativo.org\/pt\/equipo\/gaston-kremer\/\" \/>\n<meta property=\"og:locale\" content=\"pt_BR\" \/>\n<meta property=\"og:type\" content=\"article\" \/>\n<meta property=\"og:title\" content=\"Gaston Kremer - NAR\" \/>\n<meta property=\"og:description\" content=\"Gaston es Gerente de Programas en WTT, organizaci\u00f3n que promueve procesos de innovaci\u00f3n y tecnolog\u00edas para impacto socio ambiental. Adem\u00e1s de supervisar proyectos en sistemas alimentarios sostenibles, acci\u00f3n clim\u00e1tica y bioeconom\u00eda en recortes territoriales, Gaston lidera investigaciones en ciencia aplicada por medio de colaboraci\u00f3n, concursos de innovaci\u00f3n abierta junto, entre otras metodolog\u00edas. La regeneraci\u00f3n es [&hellip;]\" \/>\n<meta property=\"og:url\" content=\"https:\/\/regenerativo.org\/pt\/equipo\/gaston-kremer\/\" \/>\n<meta property=\"og:site_name\" content=\"NAR\" \/>\n<meta property=\"article:modified_time\" content=\"2023-07-03T13:47:38+00:00\" \/>\n<meta property=\"og:image\" content=\"http:\/\/regenerativo.org\/wp-content\/uploads\/2023\/05\/Foto-Gaston.jpeg\" \/>\n\t<meta property=\"og:image:width\" content=\"1066\" \/>\n\t<meta property=\"og:image:height\" content=\"1600\" \/>\n\t<meta property=\"og:image:type\" content=\"image\/jpeg\" \/>\n<meta name=\"twitter:card\" content=\"summary_large_image\" \/>\n<meta name=\"twitter:label1\" content=\"Est. tempo de leitura\" \/>\n\t<meta name=\"twitter:data1\" content=\"1 minuto\" \/>\n<script type=\"application\/ld+json\" class=\"yoast-schema-graph\">{\"@context\":\"https:\/\/schema.org\",\"@graph\":[{\"@type\":\"WebPage\",\"@id\":\"https:\/\/regenerativo.org\/equipo\/gaston-kremer\/\",\"url\":\"https:\/\/regenerativo.org\/equipo\/gaston-kremer\/\",\"name\":\"Gaston Kremer - NAR\",\"isPartOf\":{\"@id\":\"https:\/\/regenerativo.org\/#website\"},\"primaryImageOfPage\":{\"@id\":\"https:\/\/regenerativo.org\/equipo\/gaston-kremer\/#primaryimage\"},\"image\":{\"@id\":\"https:\/\/regenerativo.org\/equipo\/gaston-kremer\/#primaryimage\"},\"thumbnailUrl\":\"https:\/\/regenerativo.org\/wp-content\/uploads\/2023\/05\/Foto-Gaston.jpeg\",\"datePublished\":\"2023-05-04T19:21:23+00:00\",\"dateModified\":\"2023-07-03T13:47:38+00:00\",\"breadcrumb\":{\"@id\":\"https:\/\/regenerativo.org\/equipo\/gaston-kremer\/#breadcrumb\"},\"inLanguage\":\"pt-BR\",\"potentialAction\":[{\"@type\":\"ReadAction\",\"target\":[\"https:\/\/regenerativo.org\/equipo\/gaston-kremer\/\"]}]},{\"@type\":\"ImageObject\",\"inLanguage\":\"pt-BR\",\"@id\":\"https:\/\/regenerativo.org\/equipo\/gaston-kremer\/#primaryimage\",\"url\":\"https:\/\/regenerativo.org\/wp-content\/uploads\/2023\/05\/Foto-Gaston.jpeg\",\"contentUrl\":\"https:\/\/regenerativo.org\/wp-content\/uploads\/2023\/05\/Foto-Gaston.jpeg\",\"width\":1066,\"height\":1600},{\"@type\":\"BreadcrumbList\",\"@id\":\"https:\/\/regenerativo.org\/equipo\/gaston-kremer\/#breadcrumb\",\"itemListElement\":[{\"@type\":\"ListItem\",\"position\":1,\"name\":\"Home\",\"item\":\"https:\/\/regenerativo.org\/\"},{\"@type\":\"ListItem\",\"position\":2,\"name\":\"Equipo\",\"item\":\"https:\/\/regenerativo.org\/equipo\/\"},{\"@type\":\"ListItem\",\"position\":3,\"name\":\"Gaston Kremer\"}]},{\"@type\":\"WebSite\",\"@id\":\"https:\/\/regenerativo.org\/#website\",\"url\":\"https:\/\/regenerativo.org\/\",\"name\":\"NAR - Negocios Alimentarios Regenerativos\",\"description\":\"Hub de Conocimiento de Negocios de Alimentos Regenerativos\",\"publisher\":{\"@id\":\"https:\/\/regenerativo.org\/#organization\"},\"potentialAction\":[{\"@type\":\"SearchAction\",\"target\":{\"@type\":\"EntryPoint\",\"urlTemplate\":\"https:\/\/regenerativo.org\/?s={search_term_string}\"},\"query-input\":\"required name=search_term_string\"}],\"inLanguage\":\"pt-BR\"},{\"@type\":\"Organization\",\"@id\":\"https:\/\/regenerativo.org\/#organization\",\"name\":\"NAR - Negocios Alimentarios Regenerativos\",\"url\":\"https:\/\/regenerativo.org\/\",\"logo\":{\"@type\":\"ImageObject\",\"inLanguage\":\"pt-BR\",\"@id\":\"https:\/\/regenerativo.org\/#\/schema\/logo\/image\/\",\"url\":\"http:\/\/regenerativo.org\/wp-content\/uploads\/2023\/07\/nar.jpg\",\"contentUrl\":\"http:\/\/regenerativo.org\/wp-content\/uploads\/2023\/07\/nar.jpg\",\"width\":1671,\"height\":1070,\"caption\":\"NAR - Negocios Alimentarios Regenerativos\"},\"image\":{\"@id\":\"https:\/\/regenerativo.org\/#\/schema\/logo\/image\/\"}}]}<\/script>\n<!-- \/ Yoast SEO plugin. -->","yoast_head_json":{"title":"Gaston Kremer - NAR","robots":{"index":"index","follow":"follow","max-snippet":"max-snippet:-1","max-image-preview":"max-image-preview:large","max-video-preview":"max-video-preview:-1"},"canonical":"https:\/\/regenerativo.org\/pt\/equipo\/gaston-kremer\/","og_locale":"pt_BR","og_type":"article","og_title":"Gaston Kremer - NAR","og_description":"Gaston es Gerente de Programas en WTT, organizaci\u00f3n que promueve procesos de innovaci\u00f3n y tecnolog\u00edas para impacto socio ambiental. Adem\u00e1s de supervisar proyectos en sistemas alimentarios sostenibles, acci\u00f3n clim\u00e1tica y bioeconom\u00eda en recortes territoriales, Gaston lidera investigaciones en ciencia aplicada por medio de colaboraci\u00f3n, concursos de innovaci\u00f3n abierta junto, entre otras metodolog\u00edas. La regeneraci\u00f3n es [&hellip;]","og_url":"https:\/\/regenerativo.org\/pt\/equipo\/gaston-kremer\/","og_site_name":"NAR","article_modified_time":"2023-07-03T13:47:38+00:00","og_image":[{"width":1066,"height":1600,"url":"http:\/\/regenerativo.org\/wp-content\/uploads\/2023\/05\/Foto-Gaston.jpeg","type":"image\/jpeg"}],"twitter_card":"summary_large_image","twitter_misc":{"Est. tempo de leitura":"1 minuto"},"schema":{"@context":"https:\/\/schema.org","@graph":[{"@type":"WebPage","@id":"https:\/\/regenerativo.org\/equipo\/gaston-kremer\/","url":"https:\/\/regenerativo.org\/equipo\/gaston-kremer\/","name":"Gaston Kremer - NAR","isPartOf":{"@id":"https:\/\/regenerativo.org\/#website"},"primaryImageOfPage":{"@id":"https:\/\/regenerativo.org\/equipo\/gaston-kremer\/#primaryimage"},"image":{"@id":"https:\/\/regenerativo.org\/equipo\/gaston-kremer\/#primaryimage"},"thumbnailUrl":"https:\/\/regenerativo.org\/wp-content\/uploads\/2023\/05\/Foto-Gaston.jpeg","datePublished":"2023-05-04T19:21:23+00:00","dateModified":"2023-07-03T13:47:38+00:00","breadcrumb":{"@id":"https:\/\/regenerativo.org\/equipo\/gaston-kremer\/#breadcrumb"},"inLanguage":"pt-BR","potentialAction":[{"@type":"ReadAction","target":["https:\/\/regenerativo.org\/equipo\/gaston-kremer\/"]}]},{"@type":"ImageObject","inLanguage":"pt-BR","@id":"https:\/\/regenerativo.org\/equipo\/gaston-kremer\/#primaryimage","url":"https:\/\/regenerativo.org\/wp-content\/uploads\/2023\/05\/Foto-Gaston.jpeg","contentUrl":"https:\/\/regenerativo.org\/wp-content\/uploads\/2023\/05\/Foto-Gaston.jpeg","width":1066,"height":1600},{"@type":"BreadcrumbList","@id":"https:\/\/regenerativo.org\/equipo\/gaston-kremer\/#breadcrumb","itemListElement":[{"@type":"ListItem","position":1,"name":"Home","item":"https:\/\/regenerativo.org\/"},{"@type":"ListItem","position":2,"name":"Equipo","item":"https:\/\/regenerativo.org\/equipo\/"},{"@type":"ListItem","position":3,"name":"Gaston Kremer"}]},{"@type":"WebSite","@id":"https:\/\/regenerativo.org\/#website","url":"https:\/\/regenerativo.org\/","name":"NAR - Negocios Alimentarios Regenerativos","description":"Centro de Conhecimento Empresarial de Alimentos Regenerativos","publisher":{"@id":"https:\/\/regenerativo.org\/#organization"},"potentialAction":[{"@type":"SearchAction","target":{"@type":"EntryPoint","urlTemplate":"https:\/\/regenerativo.org\/?s={search_term_string}"},"query-input":"required name=search_term_string"}],"inLanguage":"pt-BR"},{"@type":"Organization","@id":"https:\/\/regenerativo.org\/#organization","name":"NAR - Negocios Alimentarios Regenerativos","url":"https:\/\/regenerativo.org\/","logo":{"@type":"ImageObject","inLanguage":"pt-BR","@id":"https:\/\/regenerativo.org\/#\/schema\/logo\/image\/","url":"http:\/\/regenerativo.org\/wp-content\/uploads\/2023\/07\/nar.jpg","contentUrl":"http:\/\/regenerativo.org\/wp-content\/uploads\/2023\/07\/nar.jpg","width":1671,"height":1070,"caption":"NAR - Negocios Alimentarios Regenerativos"},"image":{"@id":"https:\/\/regenerativo.org\/#\/schema\/logo\/image\/"}}]}},"_links":{"self":[{"href":"https:\/\/regenerativo.org\/pt\/wp-json\/wp\/v2\/equipo\/1683"}],"collection":[{"href":"https:\/\/regenerativo.org\/pt\/wp-json\/wp\/v2\/equipo"}],"about":[{"href":"https:\/\/regenerativo.org\/pt\/wp-json\/wp\/v2\/types\/equipo"}],"wp:featuredmedia":[{"embeddable":true,"href":"https:\/\/regenerativo.org\/pt\/wp-json\/wp\/v2\/media\/3298"}],"wp:attachment":[{"href":"https:\/\/regenerativo.org\/pt\/wp-json\/wp\/v2\/media?parent=1683"}],"wp:term":[{"taxonomy":"categoria-de-equipo","embeddable":true,"href":"https:\/\/regenerativo.org\/pt\/wp-json\/wp\/v2\/categoria-de-equipo?post=1683"}],"curies":[{"name":"wp","href":"https:\/\/api.w.org\/{rel}","templated":true}]}}

<p><span style="font-weight: 400;">Gaston é Gerente de Programa da WTT, organização que promove processos e tecnologias de inovação para impacto socioambiental. Além de supervisionar projetos em sistemas alimentares sustentáveis, ação climática e bioeconomia em recortes territoriais, Gaston lidera pesquisas em ciência aplicada por meio de colaboração, concursos de inovação aberta conjunta, entre outras metodologias.</span></p>
<p><span style="font-weight: 400;">A regeneração é o caminho entre a ciência, o conhecimento tradicional e a sociedade. É uma forma de construir a solução para os desafios mais complexos do nosso tempo, como a crise climática, a desigualdade persistente e a perda da biodiversidade. A regeneração é um apelo à inovação responsável e uma solução em si, se construída de forma colaborativa.</span></p>

<!-- This site is optimized with the Yoast SEO plugin v22.7 - https://yoast.com/wordpress/plugins/seo/ -->
<title>Gaston Kremer - NAR</title>
<meta name="robots" content="index, follow, max-snippet:-1, max-image-preview:large, max-video-preview:-1" />
<link rel="canonical" href="https://regenerativo.org/pt/equipo/gaston-kremer/" />
<meta property="og:locale" content="pt_BR" />
<meta property="og:type" content="article" />
<meta property="og:title" content="Gaston Kremer - NAR" />
<meta property="og:description" content="Gaston es Gerente de Programas en WTT, organización que promueve procesos de innovación y tecnologías para impacto socio ambiental. Además de supervisar proyectos en sistemas alimentarios sostenibles, acción climática y bioeconomía en recortes territoriales, Gaston lidera investigaciones en ciencia aplicada por medio de colaboración, concursos de innovación abierta junto, entre otras metodologías. La regeneración es [&hellip;]" />
<meta property="og:url" content="https://regenerativo.org/pt/equipo/gaston-kremer/" />
<meta property="og:site_name" content="NAR" />
<meta property="article:modified_time" content="2023-07-03T13:47:38+00:00" />
<meta property="og:image" content="http://regenerativo.org/wp-content/uploads/2023/05/Foto-Gaston.jpeg" />
	<meta property="og:image:width" content="1066" />
	<meta property="og:image:height" content="1600" />
	<meta property="og:image:type" content="image/jpeg" />
<meta name="twitter:card" content="summary_large_image" />
<meta name="twitter:label1" content="Est. tempo de leitura" />
	<meta name="twitter:data1" content="1 minuto" />
<script type="application/ld+json" class="yoast-schema-graph">{"@context":"https://schema.org","@graph":[{"@type":"WebPage","@id":"https://regenerativo.org/equipo/gaston-kremer/","url":"https://regenerativo.org/equipo/gaston-kremer/","name":"Gaston Kremer - NAR","isPartOf":{"@id":"https://regenerativo.org/#website"},"primaryImageOfPage":{"@id":"https://regenerativo.org/equipo/gaston-kremer/#primaryimage"},"image":{"@id":"https://regenerativo.org/equipo/gaston-kremer/#primaryimage"},"thumbnailUrl":"https://regenerativo.org/wp-content/uploads/2023/05/Foto-Gaston.jpeg","datePublished":"2023-05-04T19:21:23+00:00","dateModified":"2023-07-03T13:47:38+00:00","breadcrumb":{"@id":"https://regenerativo.org/equipo/gaston-kremer/#breadcrumb"},"inLanguage":"pt-BR","potentialAction":[{"@type":"ReadAction","target":["https://regenerativo.org/equipo/gaston-kremer/"]}]},{"@type":"ImageObject","inLanguage":"pt-BR","@id":"https://regenerativo.org/equipo/gaston-kremer/#primaryimage","url":"https://regenerativo.org/wp-content/uploads/2023/05/Foto-Gaston.jpeg","contentUrl":"https://regenerativo.org/wp-content/uploads/2023/05/Foto-Gaston.jpeg","width":1066,"height":1600},{"@type":"BreadcrumbList","@id":"https://regenerativo.org/equipo/gaston-kremer/#breadcrumb","itemListElement":[{"@type":"ListItem","position":1,"name":"Home","item":"https://regenerativo.org/"},{"@type":"ListItem","position":2,"name":"Equipo","item":"https://regenerativo.org/equipo/"},{"@type":"ListItem","position":3,"name":"Gaston Kremer"}]},{"@type":"WebSite","@id":"https://regenerativo.org/#website","url":"https://regenerativo.org/","name":"NAR - Negocios Alimentarios Regenerativos","description":"Hub de Conocimiento de Negocios de Alimentos Regenerativos","publisher":{"@id":"https://regenerativo.org/#organization"},"potentialAction":[{"@type":"SearchAction","target":{"@type":"EntryPoint","urlTemplate":"https://regenerativo.org/?s={search_term_string}"},"query-input":"required name=search_term_string"}],"inLanguage":"pt-BR"},{"@type":"Organization","@id":"https://regenerativo.org/#organization","name":"NAR - Negocios Alimentarios Regenerativos","url":"https://regenerativo.org/","logo":{"@type":"ImageObject","inLanguage":"pt-BR","@id":"https://regenerativo.org/#/schema/logo/image/","url":"http://regenerativo.org/wp-content/uploads/2023/07/nar.jpg","contentUrl":"http://regenerativo.org/wp-content/uploads/2023/07/nar.jpg","width":1671,"height":1070,"caption":"NAR - Negocios Alimentarios Regenerativos"},"image":{"@id":"https://regenerativo.org/#/schema/logo/image/"}}]}</script>
<!-- / Yoast SEO plugin. -->

Gaston es Gerente de Programas en WTT, organización que promueve procesos de innovación y tecnologías para impacto socio ambiental. Además de supervisar proyectos en sistemas alimentarios sostenibles, acción climática y bioeconomía en recortes territoriales, Gaston lidera investigaciones en ciencia aplicada por medio de colaboración, concursos de innovación abierta junto, entre otras metodologías. La regeneración es [&hellip;]
